

{"id":1700,"date":"2017-07-07T18:40:11","date_gmt":"2017-07-07T18:40:11","guid":{"rendered":"https:\/\/www.homeapartmentsjerez.com\/?page_id=1700\/"},"modified":"2023-02-08T08:47:44","modified_gmt":"2023-02-08T08:47:44","slug":"chiffres-cles","status":"publish","type":"page","link":"https:\/\/www.homeapartmentsjerez.com\/fr\/apartements\/c-naranjas-9\/chiffres-cles\/","title":{"rendered":"Chiffres cl\u00e9s"},"content":{"rendered":"<h2>L&rsquo;appartement de\u00a065 m\u00e8tres carr\u00e9s<\/h2>\n<p>Le patio et la terrasse appartiennent \u00e0 l&rsquo;immeuble et sont donc non privatifs<\/p>\n<p>2 balcon privatifs<\/p>\n<p>addresse : Calle Naranjas 9 , 11402 jerez de la frontera<\/p>\n<p>T\u00e9l\u00e9phone de l&rsquo;appartement\u00a0 :\u00a0856 654 998\u202c<\/p>\n<h2>\u00c9quipement<\/h2>\n<ul>\n<li>Cuisine enti\u00e8rement \u00e9quip\u00e9e<\/li>\n<li>Four \u00e0 micro ondes, blender, presse oranges, machine \u00e0 caf\u00e9 classique, \u00a0grille pain&#8230;<\/li>\n<li>Couverts pour 8 personnes ( assiettes, couverts &#8230;)<\/li>\n<li>l&rsquo;indispensable pour commencer \u00e0 cuisiner : sel, poivre, huile d&rsquo;olive, , caf\u00e9, th\u00e9, &#8230;.<\/li>\n<\/ul>\n<h2>Appareil \u00e9lectriques<\/h2>\n<ul>\n<li>air conditionn\u00e9 et chauffage: Haier 3Kw<\/li>\n<li>\u00c9quipement de t\u00e9l\u00e9vision: t\u00e9l\u00e9vision Samsung courb\u00e9 de 6 th g\u00e9n\u00e9ration de 49\u00a0\u00bb, Apple TV de 4\u00e8me g\u00e9n\u00e9rationavec Netflix HD unlimited,<\/li>\n<li>Acc\u00e8s Internet \u00a0de type Fibre optique d\u00e9di\u00e9e \u00e0 l&rsquo;appartement<\/li>\n<\/ul>\n<h2>Salle de bain<\/h2>\n<ul>\n<li>Machine \u00e0 laver avec les diff\u00e9rents produits associ\u00e9s, s\u00e8che cheveux<\/li>\n<li>Douche d&rsquo;une superficie de 0,8 m\u00e8tre carr\u00e9<\/li>\n<\/ul>\n<h2>Lits<\/h2>\n<ul>\n<li>Lit de 1,6 m de large<\/li>\n<li>Draps de cotton \u00e9gyptien 800 fils<\/li>\n<li>Sofa convertible en lit de 1,4 m de large pour une personne avec en plus un matelas souple suppl\u00e9mentaire pour avoir le m\u00eame confort qu&rsquo;un lit confortable.<\/li>\n<\/ul>\n","protected":false},"excerpt":{"rendered":"<p>L&rsquo;appartement de\u00a065 m\u00e8tres carr\u00e9s Le patio et la terrasse appartiennent \u00e0 l&rsquo;immeuble et sont donc [&#038;hellip<\/p>\n","protected":false},"author":1,"featured_media":0,"parent":1121,"menu_order":0,"comment_status":"closed","ping_status":"closed","template":"","meta":{"footnotes":""},"class_list":["post-1700","page","type-page","status-publish","hentry"],"_links":{"self":[{"href":"https:\/\/www.homeapartmentsjerez.com\/fr\/wp-json\/wp\/v2\/pages\/1700","targetHints":{"allow":["GET"]}}],"collection":[{"href":"https:\/\/www.homeapartmentsjerez.com\/fr\/wp-json\/wp\/v2\/pages"}],"about":[{"href":"https:\/\/www.homeapartmentsjerez.com\/fr\/wp-json\/wp\/v2\/types\/page"}],"author":[{"embeddable":true,"href":"https:\/\/www.homeapartmentsjerez.com\/fr\/wp-json\/wp\/v2\/users\/1"}],"replies":[{"embeddable":true,"href":"https:\/\/www.homeapartmentsjerez.com\/fr\/wp-json\/wp\/v2\/comments?post=1700"}],"version-history":[{"count":5,"href":"https:\/\/www.homeapartmentsjerez.com\/fr\/wp-json\/wp\/v2\/pages\/1700\/revisions"}],"predecessor-version":[{"id":3671,"href":"https:\/\/www.homeapartmentsjerez.com\/fr\/wp-json\/wp\/v2\/pages\/1700\/revisions\/3671"}],"up":[{"embeddable":true,"href":"https:\/\/www.homeapartmentsjerez.com\/fr\/wp-json\/wp\/v2\/pages\/1121"}],"wp:attachment":[{"href":"https:\/\/www.homeapartmentsjerez.com\/fr\/wp-json\/wp\/v2\/media?parent=1700"}],"curies":[{"name":"wp","href":"https:\/\/api.w.org\/{rel}","templated":true}]}}

Chiffres clés

<h2>L&rsquo;appartement de 65 mètres carrés</h2>
<p>Le patio et la terrasse appartiennent à l&rsquo;immeuble et sont donc non privatifs</p>
<p>2 balcon privatifs</p>
<p>addresse : Calle Naranjas 9 , 11402 jerez de la frontera</p>
<p>Téléphone de l&rsquo;appartement  : 856 654 998‬</p>
<h2>Équipement</h2>
<ul>
<li>Cuisine entièrement équipée</li>
<li>Four à micro ondes, blender, presse oranges, machine à café classique,  grille pain&#8230;</li>
<li>Couverts pour 8 personnes ( assiettes, couverts &#8230;)</li>
<li>l&rsquo;indispensable pour commencer à cuisiner : sel, poivre, huile d&rsquo;olive, , café, thé, &#8230;.</li>
</ul>
<h2>Appareil électriques</h2>
<ul>
<li>air conditionné et chauffage: Haier 3Kw</li>
<li>Équipement de télévision: télévision Samsung courbé de 6 th génération de 49 », Apple TV de 4ème générationavec Netflix HD unlimited,</li>
<li>Accès Internet  de type Fibre optique dédiée à l&rsquo;appartement</li>
</ul>
<h2>Salle de bain</h2>
<ul>
<li>Machine à laver avec les différents produits associés, sèche cheveux</li>
<li>Douche d&rsquo;une superficie de 0,8 mètre carré</li>
</ul>
<h2>Lits</h2>
<ul>
<li>Lit de 1,6 m de large</li>
<li>Draps de cotton égyptien 800 fils</li>
<li>Sofa convertible en lit de 1,4 m de large pour une personne avec en plus un matelas souple supplémentaire pour avoir le même confort qu&rsquo;un lit confortable.</li>
</ul>

<p>L&rsquo;appartement de 65 mètres carrés Le patio et la terrasse appartiennent à l&rsquo;immeuble et sont donc [&#038;hellip</p>
