

{"id":2441,"date":"2017-07-23T21:36:08","date_gmt":"2017-07-23T21:36:08","guid":{"rendered":"https:\/\/www.homeapartmentsjerez.com\/apartements\/escuelas-25\/maps-escuelas\/"},"modified":"2023-02-08T09:07:46","modified_gmt":"2023-02-08T09:07:46","slug":"maps-escuelas","status":"publish","type":"page","link":"https:\/\/www.homeapartmentsjerez.com\/fr\/apartements\/escuelas-25\/maps-escuelas\/","title":{"rendered":"Cartes"},"content":{"rendered":"<strong>Distances \u00e0 pieds \u00a0et parcours entre les principaux centres d&rsquo;int\u00e9r\u00eats de Jerez et l&rsquo;appartement:<\/strong>\n\n<strong>Teatro Villamarta est le principal\u00a0th\u00e9\u00e2tre de Jerez et le centre n\u00e9vralgiques pour toutes les activit\u00e9s de Flamenco (m\u00eame si quelques une un peu plus \u00e9loign\u00e9es sont tr\u00e8s bien)<\/strong>\n\n\n<figure class=\"wp-block-image\"><img loading=\"lazy\" decoding=\"async\" width=\"479\" height=\"400\" class=\"wp-image-3783 aligncenter\" src=\"https:\/\/www.homeapartmentsjerez.com\/wp-content\/uploads\/2019\/02\/escuelas-teatro-villarmarta-1.jpg\" alt=\"\" srcset=\"https:\/\/www.homeapartmentsjerez.com\/wp-content\/uploads\/2019\/02\/escuelas-teatro-villarmarta-1.jpg 479w, https:\/\/www.homeapartmentsjerez.com\/wp-content\/uploads\/2019\/02\/escuelas-teatro-villarmarta-1-300x251.jpg 300w\" sizes=\"auto, (max-width: 479px) 100vw, 479px\" \/><\/figure>\n\n\n\n\n<strong>Real Escuela ecuestre est une \u00e9cole \u00e9questre qui offre un spectacle et peut \u00eatre visiter.<\/strong>\n\n\n<figure class=\"wp-block-image\"><img loading=\"lazy\" decoding=\"async\" class=\"wp-image-3782 aligncenter\" src=\"https:\/\/www.homeapartmentsjerez.com\/wp-content\/uploads\/2019\/02\/escuelas-horses-1.jpg\" alt=\"\" width=\"421\" height=\"459\" srcset=\"https:\/\/www.homeapartmentsjerez.com\/wp-content\/uploads\/2019\/02\/escuelas-horses-1.jpg 367w, https:\/\/www.homeapartmentsjerez.com\/wp-content\/uploads\/2019\/02\/escuelas-horses-1-275x300.jpg 275w\" sizes=\"auto, (max-width: 421px) 100vw, 421px\" \/><\/figure>\n\n\n<strong>Calle larga est la rue principale pour tout le commerce de v\u00eatements et autres, et continue dans les rues avoisinantes<\/strong><a href=\"https:\/\/www.homeapartmentsjerez.com\/wp-content\/uploads\/2017\/07\/escuelas-calle-larga.jpg\"><img loading=\"lazy\" decoding=\"async\" class=\"aligncenter size-full wp-image-2371\" src=\"https:\/\/www.homeapartmentsjerez.com\/wp-content\/uploads\/2017\/07\/escuelas-calle-larga.jpg\" alt=\"\" width=\"375\" height=\"400\" srcset=\"https:\/\/www.homeapartmentsjerez.com\/wp-content\/uploads\/2017\/07\/escuelas-calle-larga.jpg 375w, https:\/\/www.homeapartmentsjerez.com\/wp-content\/uploads\/2017\/07\/escuelas-calle-larga-281x300.jpg 281w\" sizes=\"auto, (max-width: 375px) 100vw, 375px\" \/><\/a>\n\n<strong>Plaza Plateros est la place principale ou se trouvent restaurants et bar et cela s&rsquo;\u00e9tend en\u00a0montant\u00a0jusqu&rsquo;\u00e0 la Plaza de\u00a0Arenal, (Tr\u00e8s bonne ambiance, surtout pas rester trop proche au\u00a0risque de ne pas dormir de toute la nuit)<\/strong>\n\n<a href=\"https:\/\/www.homeapartmentsjerez.com\/wp-content\/uploads\/2017\/07\/escuelas-plateros.jpg\"><img loading=\"lazy\" decoding=\"async\" class=\"aligncenter size-full wp-image-2375\" src=\"https:\/\/www.homeapartmentsjerez.com\/wp-content\/uploads\/2017\/07\/escuelas-plateros.jpg\" alt=\"\" width=\"374\" height=\"400\" srcset=\"https:\/\/www.homeapartmentsjerez.com\/wp-content\/uploads\/2017\/07\/escuelas-plateros.jpg 374w, https:\/\/www.homeapartmentsjerez.com\/wp-content\/uploads\/2017\/07\/escuelas-plateros-281x300.jpg 281w\" sizes=\"auto, (max-width: 374px) 100vw, 374px\" \/><\/a>\n\n<strong>Cathedral et Alcazar \u00a0font parti des principaux\u00a0monuments<\/strong>\n\n<a href=\"https:\/\/www.homeapartmentsjerez.com\/wp-content\/uploads\/2017\/07\/escuelas-catherdrale.jpg\"><img loading=\"lazy\" decoding=\"async\" class=\"aligncenter size-full wp-image-2372\" src=\"https:\/\/www.homeapartmentsjerez.com\/wp-content\/uploads\/2017\/07\/escuelas-catherdrale.jpg\" alt=\"\" width=\"369\" height=\"400\" srcset=\"https:\/\/www.homeapartmentsjerez.com\/wp-content\/uploads\/2017\/07\/escuelas-catherdrale.jpg 369w, https:\/\/www.homeapartmentsjerez.com\/wp-content\/uploads\/2017\/07\/escuelas-catherdrale-277x300.jpg 277w\" sizes=\"auto, (max-width: 369px) 100vw, 369px\" \/><\/a>\n\n<a href=\"https:\/\/www.homeapartmentsjerez.com\/wp-content\/uploads\/2017\/07\/escuelas-alcazar.jpg\"><img loading=\"lazy\" decoding=\"async\" class=\"aligncenter size-full wp-image-2369\" src=\"https:\/\/www.homeapartmentsjerez.com\/wp-content\/uploads\/2017\/07\/escuelas-alcazar.jpg\" alt=\"\" width=\"427\" height=\"400\" srcset=\"https:\/\/www.homeapartmentsjerez.com\/wp-content\/uploads\/2017\/07\/escuelas-alcazar.jpg 427w, https:\/\/www.homeapartmentsjerez.com\/wp-content\/uploads\/2017\/07\/escuelas-alcazar-300x281.jpg 300w\" sizes=\"auto, (max-width: 427px) 100vw, 427px\" \/><\/a>\n\n<strong>Bodegas Lustau, Gonzalez Byass font parti des producteurs de vins que l&rsquo;ont peut \u00a0visiter \u00e0 Jerez qui offrent pour nous un int\u00e9r\u00eat particulier quant \u00e0 la qualit\u00e9 de leur visite mais \u00e9galement de leurs produits<\/strong>\n\n<a href=\"https:\/\/www.homeapartmentsjerez.com\/wp-content\/uploads\/2017\/07\/escuelas-bodega-lustau.jpg\"><img loading=\"lazy\" decoding=\"async\" class=\"aligncenter size-full wp-image-2368\" src=\"https:\/\/www.homeapartmentsjerez.com\/wp-content\/uploads\/2017\/07\/escuelas-bodega-lustau.jpg\" alt=\"\" width=\"600\" height=\"389\" srcset=\"https:\/\/www.homeapartmentsjerez.com\/wp-content\/uploads\/2017\/07\/escuelas-bodega-lustau.jpg 600w, https:\/\/www.homeapartmentsjerez.com\/wp-content\/uploads\/2017\/07\/escuelas-bodega-lustau-300x195.jpg 300w\" sizes=\"auto, (max-width: 600px) 100vw, 600px\" \/><\/a>\n\n<strong>Feria, la F\u00e9ria est en fait un parc ou a lieu la Feria au mois de Mai, ce n &lsquo;est pas du tout dans le centre (comme\u00a0c&rsquo;est quasi toujours le cas \u00e0\u00a0l&rsquo;exemption de Sanlucar de Barrameda)<\/strong>\n\n<a href=\"https:\/\/www.homeapartmentsjerez.com\/wp-content\/uploads\/2017\/07\/escuelas-feria.jpg\"><img loading=\"lazy\" decoding=\"async\" class=\"aligncenter size-full wp-image-2373\" src=\"https:\/\/www.homeapartmentsjerez.com\/wp-content\/uploads\/2017\/07\/escuelas-feria.jpg\" alt=\"\" width=\"600\" height=\"361\" srcset=\"https:\/\/www.homeapartmentsjerez.com\/wp-content\/uploads\/2017\/07\/escuelas-feria.jpg 600w, https:\/\/www.homeapartmentsjerez.com\/wp-content\/uploads\/2017\/07\/escuelas-feria-300x181.jpg 300w\" sizes=\"auto, (max-width: 600px) 100vw, 600px\" \/><\/a>","protected":false},"excerpt":{"rendered":"<p>Distances \u00e0 pieds \u00a0et parcours entre les principaux centres d&rsquo;int\u00e9r\u00eats de Jerez et l&rsquo;appartement: Teatro [&#038;hellip<\/p>\n","protected":false},"author":1,"featured_media":0,"parent":1055,"menu_order":0,"comment_status":"closed","ping_status":"closed","template":"","meta":{"footnotes":""},"class_list":["post-2441","page","type-page","status-publish","hentry"],"_links":{"self":[{"href":"https:\/\/www.homeapartmentsjerez.com\/fr\/wp-json\/wp\/v2\/pages\/2441","targetHints":{"allow":["GET"]}}],"collection":[{"href":"https:\/\/www.homeapartmentsjerez.com\/fr\/wp-json\/wp\/v2\/pages"}],"about":[{"href":"https:\/\/www.homeapartmentsjerez.com\/fr\/wp-json\/wp\/v2\/types\/page"}],"author":[{"embeddable":true,"href":"https:\/\/www.homeapartmentsjerez.com\/fr\/wp-json\/wp\/v2\/users\/1"}],"replies":[{"embeddable":true,"href":"https:\/\/www.homeapartmentsjerez.com\/fr\/wp-json\/wp\/v2\/comments?post=2441"}],"version-history":[{"count":3,"href":"https:\/\/www.homeapartmentsjerez.com\/fr\/wp-json\/wp\/v2\/pages\/2441\/revisions"}],"predecessor-version":[{"id":3784,"href":"https:\/\/www.homeapartmentsjerez.com\/fr\/wp-json\/wp\/v2\/pages\/2441\/revisions\/3784"}],"up":[{"embeddable":true,"href":"https:\/\/www.homeapartmentsjerez.com\/fr\/wp-json\/wp\/v2\/pages\/1055"}],"wp:attachment":[{"href":"https:\/\/www.homeapartmentsjerez.com\/fr\/wp-json\/wp\/v2\/media?parent=2441"}],"curies":[{"name":"wp","href":"https:\/\/api.w.org\/{rel}","templated":true}]}}

<strong>Distances à pieds  et parcours entre les principaux centres d&rsquo;intérêts de Jerez et l&rsquo;appartement:</strong>

<strong>Teatro Villamarta est le principal théâtre de Jerez et le centre névralgiques pour toutes les activités de Flamenco (même si quelques une un peu plus éloignées sont très bien)</strong>


<figure class="wp-block-image"><img loading="lazy" decoding="async" width="479" height="400" class="wp-image-3783 aligncenter" src="https://www.homeapartmentsjerez.com/wp-content/uploads/2019/02/escuelas-teatro-villarmarta-1.jpg" alt="" srcset="https://www.homeapartmentsjerez.com/wp-content/uploads/2019/02/escuelas-teatro-villarmarta-1.jpg 479w, https://www.homeapartmentsjerez.com/wp-content/uploads/2019/02/escuelas-teatro-villarmarta-1-300x251.jpg 300w" sizes="auto, (max-width: 479px) 100vw, 479px" /></figure>




<strong>Real Escuela ecuestre est une école équestre qui offre un spectacle et peut être visiter.</strong>


<figure class="wp-block-image"><img loading="lazy" decoding="async" class="wp-image-3782 aligncenter" src="https://www.homeapartmentsjerez.com/wp-content/uploads/2019/02/escuelas-horses-1.jpg" alt="" width="421" height="459" srcset="https://www.homeapartmentsjerez.com/wp-content/uploads/2019/02/escuelas-horses-1.jpg 367w, https://www.homeapartmentsjerez.com/wp-content/uploads/2019/02/escuelas-horses-1-275x300.jpg 275w" sizes="auto, (max-width: 421px) 100vw, 421px" /></figure>


<strong>Calle larga est la rue principale pour tout le commerce de vêtements et autres, et continue dans les rues avoisinantes</strong><a href="https://www.homeapartmentsjerez.com/wp-content/uploads/2017/07/escuelas-calle-larga.jpg"><img loading="lazy" decoding="async" class="aligncenter size-full wp-image-2371" src="https://www.homeapartmentsjerez.com/wp-content/uploads/2017/07/escuelas-calle-larga.jpg" alt="" width="375" height="400" srcset="https://www.homeapartmentsjerez.com/wp-content/uploads/2017/07/escuelas-calle-larga.jpg 375w, https://www.homeapartmentsjerez.com/wp-content/uploads/2017/07/escuelas-calle-larga-281x300.jpg 281w" sizes="auto, (max-width: 375px) 100vw, 375px" /></a>

<strong>Plaza Plateros est la place principale ou se trouvent restaurants et bar et cela s&rsquo;étend en montant jusqu&rsquo;à la Plaza de Arenal, (Très bonne ambiance, surtout pas rester trop proche au risque de ne pas dormir de toute la nuit)</strong>

<a href="https://www.homeapartmentsjerez.com/wp-content/uploads/2017/07/escuelas-plateros.jpg"><img loading="lazy" decoding="async" class="aligncenter size-full wp-image-2375" src="https://www.homeapartmentsjerez.com/wp-content/uploads/2017/07/escuelas-plateros.jpg" alt="" width="374" height="400" srcset="https://www.homeapartmentsjerez.com/wp-content/uploads/2017/07/escuelas-plateros.jpg 374w, https://www.homeapartmentsjerez.com/wp-content/uploads/2017/07/escuelas-plateros-281x300.jpg 281w" sizes="auto, (max-width: 374px) 100vw, 374px" /></a>

<strong>Cathedral et Alcazar  font parti des principaux monuments</strong>

<a href="https://www.homeapartmentsjerez.com/wp-content/uploads/2017/07/escuelas-catherdrale.jpg"><img loading="lazy" decoding="async" class="aligncenter size-full wp-image-2372" src="https://www.homeapartmentsjerez.com/wp-content/uploads/2017/07/escuelas-catherdrale.jpg" alt="" width="369" height="400" srcset="https://www.homeapartmentsjerez.com/wp-content/uploads/2017/07/escuelas-catherdrale.jpg 369w, https://www.homeapartmentsjerez.com/wp-content/uploads/2017/07/escuelas-catherdrale-277x300.jpg 277w" sizes="auto, (max-width: 369px) 100vw, 369px" /></a>

<a href="https://www.homeapartmentsjerez.com/wp-content/uploads/2017/07/escuelas-alcazar.jpg"><img loading="lazy" decoding="async" class="aligncenter size-full wp-image-2369" src="https://www.homeapartmentsjerez.com/wp-content/uploads/2017/07/escuelas-alcazar.jpg" alt="" width="427" height="400" srcset="https://www.homeapartmentsjerez.com/wp-content/uploads/2017/07/escuelas-alcazar.jpg 427w, https://www.homeapartmentsjerez.com/wp-content/uploads/2017/07/escuelas-alcazar-300x281.jpg 300w" sizes="auto, (max-width: 427px) 100vw, 427px" /></a>

<strong>Bodegas Lustau, Gonzalez Byass font parti des producteurs de vins que l&rsquo;ont peut  visiter à Jerez qui offrent pour nous un intérêt particulier quant à la qualité de leur visite mais également de leurs produits</strong>

<a href="https://www.homeapartmentsjerez.com/wp-content/uploads/2017/07/escuelas-bodega-lustau.jpg"><img loading="lazy" decoding="async" class="aligncenter size-full wp-image-2368" src="https://www.homeapartmentsjerez.com/wp-content/uploads/2017/07/escuelas-bodega-lustau.jpg" alt="" width="600" height="389" srcset="https://www.homeapartmentsjerez.com/wp-content/uploads/2017/07/escuelas-bodega-lustau.jpg 600w, https://www.homeapartmentsjerez.com/wp-content/uploads/2017/07/escuelas-bodega-lustau-300x195.jpg 300w" sizes="auto, (max-width: 600px) 100vw, 600px" /></a>

<strong>Feria, la Féria est en fait un parc ou a lieu la Feria au mois de Mai, ce n &lsquo;est pas du tout dans le centre (comme c&rsquo;est quasi toujours le cas à l&rsquo;exemption de Sanlucar de Barrameda)</strong>

<a href="https://www.homeapartmentsjerez.com/wp-content/uploads/2017/07/escuelas-feria.jpg"><img loading="lazy" decoding="async" class="aligncenter size-full wp-image-2373" src="https://www.homeapartmentsjerez.com/wp-content/uploads/2017/07/escuelas-feria.jpg" alt="" width="600" height="361" srcset="https://www.homeapartmentsjerez.com/wp-content/uploads/2017/07/escuelas-feria.jpg 600w, https://www.homeapartmentsjerez.com/wp-content/uploads/2017/07/escuelas-feria-300x181.jpg 300w" sizes="auto, (max-width: 600px) 100vw, 600px" /></a>

<p>Distances à pieds  et parcours entre les principaux centres d&rsquo;intérêts de Jerez et l&rsquo;appartement: Teatro [&#038;hellip</p>
