

{"id":4418,"date":"2019-09-27T11:28:00","date_gmt":"2019-09-27T11:28:00","guid":{"rendered":"https:\/\/www.homeapartmentsjerez.com\/las-naranjas-suite\/chiffres-cles\/"},"modified":"2023-02-08T09:02:30","modified_gmt":"2023-02-08T09:02:30","slug":"chiffres-cles","status":"publish","type":"page","link":"https:\/\/www.homeapartmentsjerez.com\/fr\/las-naranjas-suite\/chiffres-cles\/","title":{"rendered":"Chiffres cl\u00e9s"},"content":{"rendered":"<h2>L&rsquo;appartement de 94 m\u00e8tres carr\u00e9s<\/h2>\n<p>Le patio et la terrasse appartiennent \u00e0 l&rsquo;immeuble et sont donc non privatifs<\/p>\n<p>1 balcon privatif<\/p>\n<p>addresse : Calle Naranjas 9 , 11402 jerez de la frontera<\/p>\n<p>T\u00e9l\u00e9phone de l&rsquo;appartement\u00a0 :\u00a0856 654 998\u202c<\/p>\n<h2>\u00c9quipement<\/h2>\n<ul>\n<li>Cuisine enti\u00e8rement \u00e9quip\u00e9e<\/li>\n<li>Four \u00e0 micro ondes, blender, presse oranges, machine \u00e0 caf\u00e9 classique, \u00a0grille pain&#8230;<\/li>\n<li>Couverts pour 8 personnes ( assiettes, couverts &#8230;)<\/li>\n<li>l&rsquo;indispensable pour commencer \u00e0 cuisiner : sel, poivre, huile d&rsquo;olive, , caf\u00e9, th\u00e9, &#8230;.<\/li>\n<\/ul>\n<h2>Appareil \u00e9lectriques<\/h2>\n<ul>\n<li>U unit\u00e9s d&rsquo;air conditionn\u00e9 et chauffage de 3Kw<\/li>\n<li>\u00c9quipement de t\u00e9l\u00e9vision: t\u00e9l\u00e9vision Hitachi \u00a0de 55\u00a0\u00bb, Apple TV avec Netflix HD unlimited, et r\u00e9ception satellite sur Astra 19,2 ouest<\/li>\n<li>Acc\u00e8s Internet \u00a0de type Fibre optique<\/li>\n<\/ul>\n<h2>Suite parentale (d&rsquo;environ 35 m2)<\/h2>\n<ul>\n<li>Salle de bain privative dans la chambre (avec douche et WC)<\/li>\n<li>Jacuzzi dans la chambre pour deux personnes<\/li>\n<li>Lit de 1,6m<\/li>\n<li>Draps de cotton \u00e9gyptien 800 fils<\/li>\n<li>Tr\u00e8s grande armoire<\/li>\n<li>bureau et miroir pour se maquiller<\/li>\n<li>\n<h2>Chambre suppl\u00e9mentaire<\/h2>\n<ul>\n<li>Lit de 1,4m<\/li>\n<li>tr\u00e8s grande armoire<\/li>\n<\/ul>\n<\/li>\n<\/ul>\n<h2>Salle de bain suppl\u00e9mentaire<\/h2>\n<ul>\n<li>Machine \u00e0 laver avec les diff\u00e9rents produits associ\u00e9s, s\u00e8che cheveux<\/li>\n<li>Douche d&rsquo;une superficie de 0,8 m\u00e8tre carr\u00e9<\/li>\n<\/ul>\n","protected":false},"excerpt":{"rendered":"<p>L&rsquo;appartement de 94 m\u00e8tres carr\u00e9s Le patio et la terrasse appartiennent \u00e0 l&rsquo;immeuble et sont [&#038;hellip<\/p>\n","protected":false},"author":1,"featured_media":0,"parent":4268,"menu_order":0,"comment_status":"closed","ping_status":"closed","template":"","meta":{"footnotes":""},"class_list":["post-4418","page","type-page","status-publish","hentry"],"_links":{"self":[{"href":"https:\/\/www.homeapartmentsjerez.com\/fr\/wp-json\/wp\/v2\/pages\/4418","targetHints":{"allow":["GET"]}}],"collection":[{"href":"https:\/\/www.homeapartmentsjerez.com\/fr\/wp-json\/wp\/v2\/pages"}],"about":[{"href":"https:\/\/www.homeapartmentsjerez.com\/fr\/wp-json\/wp\/v2\/types\/page"}],"author":[{"embeddable":true,"href":"https:\/\/www.homeapartmentsjerez.com\/fr\/wp-json\/wp\/v2\/users\/1"}],"replies":[{"embeddable":true,"href":"https:\/\/www.homeapartmentsjerez.com\/fr\/wp-json\/wp\/v2\/comments?post=4418"}],"version-history":[{"count":0,"href":"https:\/\/www.homeapartmentsjerez.com\/fr\/wp-json\/wp\/v2\/pages\/4418\/revisions"}],"up":[{"embeddable":true,"href":"https:\/\/www.homeapartmentsjerez.com\/fr\/wp-json\/wp\/v2\/pages\/4268"}],"wp:attachment":[{"href":"https:\/\/www.homeapartmentsjerez.com\/fr\/wp-json\/wp\/v2\/media?parent=4418"}],"curies":[{"name":"wp","href":"https:\/\/api.w.org\/{rel}","templated":true}]}}

Chiffres clés

<h2>L&rsquo;appartement de 94 mètres carrés</h2>
<p>Le patio et la terrasse appartiennent à l&rsquo;immeuble et sont donc non privatifs</p>
<p>1 balcon privatif</p>
<p>addresse : Calle Naranjas 9 , 11402 jerez de la frontera</p>
<p>Téléphone de l&rsquo;appartement  : 856 654 998‬</p>
<h2>Équipement</h2>
<ul>
<li>Cuisine entièrement équipée</li>
<li>Four à micro ondes, blender, presse oranges, machine à café classique,  grille pain&#8230;</li>
<li>Couverts pour 8 personnes ( assiettes, couverts &#8230;)</li>
<li>l&rsquo;indispensable pour commencer à cuisiner : sel, poivre, huile d&rsquo;olive, , café, thé, &#8230;.</li>
</ul>
<h2>Appareil électriques</h2>
<ul>
<li>U unités d&rsquo;air conditionné et chauffage de 3Kw</li>
<li>Équipement de télévision: télévision Hitachi  de 55 », Apple TV avec Netflix HD unlimited, et réception satellite sur Astra 19,2 ouest</li>
<li>Accès Internet  de type Fibre optique</li>
</ul>
<h2>Suite parentale (d&rsquo;environ 35 m2)</h2>
<ul>
<li>Salle de bain privative dans la chambre (avec douche et WC)</li>
<li>Jacuzzi dans la chambre pour deux personnes</li>
<li>Lit de 1,6m</li>
<li>Draps de cotton égyptien 800 fils</li>
<li>Très grande armoire</li>
<li>bureau et miroir pour se maquiller</li>
<li>
<h2>Chambre supplémentaire</h2>
<ul>
<li>Lit de 1,4m</li>
<li>très grande armoire</li>
</ul>
</li>
</ul>
<h2>Salle de bain supplémentaire</h2>
<ul>
<li>Machine à laver avec les différents produits associés, sèche cheveux</li>
<li>Douche d&rsquo;une superficie de 0,8 mètre carré</li>
</ul>

<p>L&rsquo;appartement de 94 mètres carrés Le patio et la terrasse appartiennent à l&rsquo;immeuble et sont [&#038;hellip</p>
